hat is 111111214 (base 5) in base 14?
c9d53
What is -101001100110011010111 (base 2) in base 4?
-11030303113
-1c2ebe (base 16) to base 12
-750a26
515483 (base 14) to base 5
1200222110
What is 71df6a (base 16) in base 12?
25ba88a
Convert -575bc2 (base 14) to base 3.
-12121002200001
What is 79a334 (base 11) in base 14?
251c0c
Convert -646680 (base 9) to base 6.
-12132330
1722620 (base 11) to base 6
142500134
23411011 (base 7) to base 12
839b11
Convert -11000220302 (base 4) to base 7.
-14106644
Convert -487878 (base 13) to base 3.
-10020220210020
-221123102 (base 4) to base 6
-3345322
Convert 558629 (base 10) to base 12.
22b345
Convert -13632b (base 12) to base 5.
-40300000
-33120330 (base 4) to base 14
-18d88
Convert -13495a (base 11) to base 8.
-634774
What is -63662626 (base 7) in base 3?
-101011212202011
-8690872 (base 10) to base 6
-510135304
What is 33546150 (base 8) in base 6?
415345024
Convert 100233110 (base 4) to base 16.
10bd4
What is -85356 (base 16) in base 3?
-1000201110020
-1002010301 (base 4) to base 11
-175378
What is -145bc2 (base 13) in base 7?
-4144316
Convert -2251643 (base 11) to base 12.
-13a0499
What is -a73857 (base 12) in base 10?
-2639875
What is 313557 (base 9) in base 13?
66a8a
-481674 (base 9) to base 4
-1012302232
Convert 231322021113 (base 4) to base 8.
55721127
What is -2120022011122 (base 3) in base 8?
-5150164
What is 13155543 (base 6) in base 10?
435447
Convert -177e83 (base 15) to base 8.
-4263650
Convert -142646 (base 10) to base 12.
-6a672
Convert 12246086 (base 9) to base 13.
131b737
Convert 1001100000010010010 (base 2) to base 10.
311442
132ce6 (base 16) to base 7
13452533
What is 1011100100100001001101 (base 2) in base 15?
3edab0
What is 31100202123 (base 4) in base 3?
20112120122100
1d4345a (base 14) to base 7
235545343
What is -210995 (base 11) in base 14?
-8b224
Convert -3a26b (base 12) to base 14.
-21163
Convert -a97049 (base 12) to base 10.
-2687097
Convert -30455344 (base 6) to base 2.
-11010110100000010000
Convert -37cd28 (base 16) to base 6.
-210214320
What is -1ba94 (base 16) in base 3?
-12202102022
Convert -2460100 (base 8) to base 12.
-289628
124543 (base 8) to base 11
2a641
Convert 167709 (base 12) to base 10.
386361
-f3fa3 (base 16) to base 15
-14b171
What is 19a608 (base 11) in base 4?
1022322300
Convert 191121 (base 11) to base 16.
47d97
What is 3087805 (base 9) in base 12?
67841b
What is 237886 (base 15) in base 9?
3164640
Convert 1411c1 (base 16) to base 14.
263477
-26524 (base 10) to base 15
-7cd4
What is -1002423143 (base 5) in base 13?
-54c896
-3003310140 (base 5) to base 16
-5a4687
Convert 34423105 (base 8) to base 11.
424a56a
1373a9 (base 11) to base 14
583ad
What is 202206 (base 9) in base 12?
59350
What is -4716277 (base 8) in base 7?
-13632156
-4431321 (base 5) to base 9
-126661
-4011323 (base 5) to base 12
-307a2
-515041 (base 8) to base 4
-221220201
4531775 (base 8) to base 16
12b3fd
Convert -102062a (base 14) to base 3.
-112022111122022
111110211222 (base 3) to base 4
1000300133
Convert -2014101 (base 5) to base 3.
-1122110001
2456213 (base 12) to base 10
7081647
-13300013 (base 4) to base 14
-b7dd
What is -17151a0 (base 13) in base 7?
-120312622
What is 4266724 (base 8) in base 2?
100010110110111010100
What is -71d66 (base 14) in base 15?
-56414
What is -19b7b5 (base 13) in base 9?
-1205808
Convert -101200111100 (base 3) to base 6.
-4301400
What is -4673432 (base 8) in base 13?
-35884a
-32897 (base 15) to base 12
-78b07
What is 460664 (base 8) in base 10?
156084
What is -22353311 (base 6) in base 9?
-1251837
What is 762893 (base 10) in base 13?
209321
What is 1110000101010010100 (base 2) in base 16?
70a94
What is -132010232 (base 4) in base 7?
-1022063
18ba82 (base 12) to base 9
733058
What is 43114114 (base 5) in base 14?
96759
What is 181c210 (base 13) in base 3?
112202221111201
What is -450135 (base 11) in base 5?
-140430233
2494b (base 12) to base 13
19841
What is 140102 (base 10) in base 6?
3000342
What is -b7838a (base 13) in base 7?
-51366200
3789b4 (base 12) to base 11
56a409
Convert 22202222222 (base 3) to base 15.
362d2
-4704566 (base 9) to base 5
-1122324423
-15261648 (base 10) to base 16
-e8dfd0
57a035 (base 11) to base 10
921090
100314100 (base 5) to base 11
254432
Convert -11011101101110101 (base 2) to base 5.
-12113100
-257901 (base 10) to base 7
-2122620
Convert -227bb (base 16) to base 4.
-202132323
10210210201112 (base 3) to base 12
817012
What is -13240402 (base 6) in base 4?
-1223213102
Convert -1119712 (base 10) to base 9.
-2085854
-7a8989 (base 15) to base 7
-100506252
What is -701a7a (base 11) in base 9?
-2112038
74462a (base 11) to base 2
100100011000001000011
What is -8958 (base 13) in base 12?
-b116
Convert 19a02 (base 12) to base 10.
37730
Convert -887b (base 12) to base 6.
-153435
-1429da (base 15) to base 12
-3a9a07
Convert -554235 (base 8) to base 4.
-231202131
-1145677 (base 8) to base 6
-10423035
What is c899a (base 13) in base 7?
3035160
Convert -d567b2 (base 15) to base 3.
-201002112001112
1324266 (base 9) to base 7
6106155
Convert -322244041 (base 5) to base 6.
-45200154
Convert 2500156 (base 7) to base 5.
40210143
767440 (base 8) to base 9
432601
Convert 324b63 (base 14) to base 2.
110011111111001100011
Convert -31188 (base 13) to base 8.
-254141
-123022230 (base 4) to base 6
-2215100
What is -178518 (base 12) in base 15?
-810b8
-3532e (base 16) to base 10
-217902
What is -2114342 (base 6) in base 13?
-38096
438090 (base 14) to base 10
2288622
Convert 34010431 (base 5) to base 14.
7a664
Convert 33113130002 (base 4) to base 2.
1111010111011100000010
What is 96ad (base 16) in base 11?
26a87
What is 100101011011101111010 (base 2) in base 13?
33c413
497548 (base 10) to base 14
cd472
-12203574 (base 8) to base 12
-a980a4
-ac4c (base 14) to base 10
-29860
Convert -26d397 (base 14) to base 13.
-380101
Convert 85113 (base 9) to base 14.
166c2
Convert 20066472 (base 8) to base 16.
406d3a
Convert 662920 (base 15) to base 3.
100011100202010
23004356 (base 7) to base 8
7505271
224a503 (base 11) to base 9
7361458
-2315a4 (base 12) to base 11
-354633
1183536 (base 9) to base 6
21500523
What is 11000010001010111100010 (base 2) in base 13?
141a064
Convert -139303 (base 10) to base 16.
-22027
216bb9 (base 16) to base 2
1000010110101110111001
What is 213303010 (base 4) in base 10?
163012
-f8f6b (base 16) to base 13
-299209
-989a (base 14) to base 3
-1100012210
Convert -1020321001 (base 4) to base 10.
-298561
Convert -921b8b (base 14) to base 7.
-56560434
What is b44baa (base 12) in base 11?
1662296
Convert -364b8 (base 13) to base 12.
-49838
What is 11a8b0 (base 14) in base 3?
1010202110022
Convert 4434266 (base 8) to base 13.
32a70c
-22032010 (base 4) to base 16
-a384
What is -d03da (base 16) in base 11?
-532923
What is 112032020 (base 4) in base 2?
10110001110001000
Convert -280327 (base 10) to base 9.
-466474
Convert 112116 (base 10) to base 3.
12200210110
What is -26711744 (base 8) in base 14?
-b23284
493da (base 14) to base 12
87804
11120011121000 (base 3) to base 6
123543513
Convert 30c59b (base 16) to base 6.
152301431
-5927 (base 12) to base 4
-2123233
Convert 120222121 (base 4) to base 16.
18a99
Convert 3295 (base 16) to base 3.
122202121
Convert -3534544 (base 6) to base 13.
-65881
What is 121878 (base 16) in base 8?
4414170
Convert -18b432 (base 12) to base 13.
-12290c
What is 15c286 (base 13) in base 6?
15332114
213537 (base 8) to base 12
3547b
What is -22c5c9d (base 14) in base 15?
-16d20b8
What is -10010101001100001000 (base 2) in base 16?
-95308
-11120362 (base 7) to base 13
-279424
2002312200 (base 4) to base 10
535968
152011202 (base 6) to base 10
3174194
2204411440 (base 5) to base 14
8bdcca
-651010 (base 7) to base 11
-78057
71757 (base 8) to base 10
29679
Convert -1dfa4 (base 16) to base 12.
-5b084
12ace5 (base 16) to base 13
33b10b
-230203 (base 11) to base 15
-737d0
d4a9c (base 14) to base 8
1750742
What is -3003002022 (base 4) in base 9?
-1446740
What is 390ddc (base 15) in base 9?
5131260
What is 14131004110 (base 5) in base 3?
1021021122011011
-5c2b4 (base 13) to base 12
-8221a
Convert -300211312 (base 6) to base 11.
-294373a
Convert 101101010010101101 (base 2) to base 6.
3550513
What is -66493 (base 10) in base 14?
-1a337
d2d08 (